 g(12)?
3, 89
Suppose -870*b = -878*b + 3648. List the prime factors of b.
2, 3, 19
What are the prime factors of 98/(-441)*(-33849)/2?
3761
Let i be (-115)/(-1) - 2 - (-1 - 1). Suppose 0 = -8*j + 3*j + i. List the prime factors of j.
23
Let o(a) = -34*a - 10. Let v be o(5). Let f = -89 - v. What are the prime factors of f?
7, 13
Let n(y) = -36*y + 2. Let v be n(5). Let x = v + 259. What are the prime factors of x?
3
List the prime factors of 3 + 700 - (10 + -3).
2, 3, 29
Suppose 3*k = -4*m + 575, -5*k = -7*m + 4*m + 453. What are the prime factors of m?
2, 73
Suppose -32 = -5*z - 12. Let t(b) = b**3 + 4*b**2 - 3*b - 2. What are the prime factors of t(z)?
2, 3, 19
Let i = 29 - 21. Suppose -i*o = -2*o - 480. List the prime factors of o.
2, 5
Suppose 0 = -2*j - 2*m - 22, -3*j - m - 40 + 17 = 0. Let n(v) = -2*v**3 - 3*v**2 + v - 8. What are the prime factors of n(j)?
2, 5, 31
Let d = -17 + 125. Let l = 11 + -6. Suppose d = l*m - 7. List the prime factors of m.
23
Suppose 0 = -5*w + 4 + 11, -4*w = -4*p + 488. What are the prime factors of p?
5
Let l(t) be the second derivative of t**4/4 + t**3/2 - 8*t**2 - 5*t. What are the prime factors of l(-6)?
2, 37
List the prime factors of ((-198)/(-12) + 1)*2.
5, 7
Suppose 5*q = 3*w + 10 - 30, 23 = 5*w + 2*q. Suppose 0 = -3*t - w*j - 125, -2*t + j - 2*j = 81. List the prime factors of t/(-2 + -3 - -4).
2, 5
Let m(p) = -p + 4. Let d be m(8). Let q(g) = -2*g**3 - g**2 + g + 5. What are the prime factors of q(d)?
113
What are the prime factors of (-16600)/(-75)*3/4?
2, 83
Suppose 4*c = -510 + 1318. Let i = c + -134. List the prime factors of i.
2, 17
Let y(c) = 2*c**2 - c - 6. Let l = 134 + -129. List the prime factors of y(l).
3, 13
Let i = -11 + 3. Let x = i - -42. What are the prime factors of x?
2, 17
Let b(o) = -o**3 - 9*o**2 + 8*o - 11. Let i be b(-10). Let y = -7 + i. Suppose -18 = -s - y*x, -x = -2*s - 2*x + 21. List the prime factors of s.
2
Suppose 528 = -6*v + 3132. List the prime factors of v.
2, 7, 31
Let z be 1 + 0 + 2/(-1) + -95. Let y = 186 + z. What are the prime factors of y?
2, 3, 5
Let i be 20/15*(3 - 0). Suppose i*v + 88 = 6*v. List the prime factors of v.
2, 11
Suppose o - 2*b = 3*o - 4560, 4*o - 3*b - 9148 = 0. List the prime factors of o.
2, 571
Let a = -5 + 8. Suppose a*v - 27 = -12, -3*x + 166 = 2*v. What are the prime factors of x?
2, 13
Let m be (-30)/(-50) + 94/10. Suppose 0 = a + 2*b + b - 54, m = -2*b. List the prime factors of a.
3, 23
Suppose 0 = 3*b - 3*h - 9, 3*b - 6*h = -2*h + 8. Suppose -b*z + 76 = f, f + 2*f + 4*z = 244. What are the prime factors of f?
2, 3, 7
Let f be (-44)/(-10) - 4/10. Suppose -2*c - 3 = -3*c, -3*s - 9 = -5*c. List the prime factors of -23*f/(-8)*s.
23
Let y = 337 + -110. List the prime factors of y.
227
Let m = 62 + -197. Let j = -76 - m. List the prime factors of j.
59
Let i(x) = -x**3 + 7*x**2 + x - 4. Let d be i(7). Let g(j) = -j**3 + 2*j**2 - 29. Let p be g(0). What are the prime factors of (3 - p) + 1 - d?
2, 3, 5
Let u = 49 - 47. What are the prime factors of u*53/(4 - 3)?
2, 53
Suppose -51*x + 85282 + 91331 = 0. What are the prime factors of x?
3463
Let r = -1537 + 2174. List the prime factors of r.
7, 13
Let w(b) = b**3 - 3*b**2 - 7*b + 6. Let o = -12 + 17. Suppose x + j - 15 = -o, 0 = -4*x + j + 15. List the prime factors of w(x).
3, 7
Let t = -845 + 1355. List the prime factors of t.
2, 3, 5, 17
Let c be 2/4*6 - (-96)/(-8). What are the prime factors of 1*((-6)/c)/((-6)/(-1125))?
5
Suppose 12 = 119*v - 116*v. Let t(c) = 7*c**2 - 4*c + 4. Let j be t(-4). What are the prime factors of (-1 - -2)/(v/j)?
3, 11
Suppose 575 = 3*f + 101. Let n = -66 + f. List the prime factors of n.
2, 23
Suppose -k = 4*s - 3, -3 = -3*k + 2*k + 2*s. Suppose 0 = -2*c - c - k. Let i(f) = -40*f + 2. What are the prime factors of i(c)?
2, 3, 7
Let l be 2/(-11) + 57/11. Suppose 2*y = -5*f + 12, l*y - 1 = -4*f - 5. Suppose x - 2*g - 2 = 6, 0 = f*x + 3*g - 43. List the prime factors of x.
2, 5
Suppose 2130*y - 12208 = 2123*y. List the prime factors of y.
2, 109
Let g be (45/(-20))/(1/(-60)). Let c = -19 - -27. Suppose -3*k = -c*k + g. What are the prime factors of k?
3
Suppose -5*u = -4*a + 3, u + 2*a - 1 - 4 = 0. Let b be u - (-183)/((-6)/2). Let n = -32 - b. What are the prime factors of n?
2, 7
Suppose -5*v - v - 936 = 0. Let u = 299 + v. List the prime factors of u.
11, 13
Suppose 4*c = -2*q + 6*q + 740, c + q - 181 = 0. Let i = c - 95. List the prime factors of i.
2, 11
Let m(g) = 5*g**2 - g. Let i be m(-1). Suppose 57 = -i*u + 321. What are the prime factors of u?
2, 11
Let y(n) = n**2 + n + 6. Let i = 16 + -26. Let z be y(i). Let p = z - 68. What are the prime factors of p?
2, 7
Suppose 0 = -j - 4*j + 4*w + 26, w = -4. Let v be (12/(-42))/(j/(-14)). Suppose -v*n - 2*n + 131 = -5*s, n = -s + 35. List the prime factors of n.
2, 17
Let s = 20 - 8. Suppose m - 2*w - 4 = -3*w, -5*m - s = -3*w. Suppose 4*f - 8 = m, 4*f + 3 + 11 = 2*p. What are the prime factors of p?
11
Let g be -1 - 2 - (-12 - 6). Suppose 0 = 5*h - g, -5*n + 491 = -0*h + 2*h. Let z = -48 + n. What are the prime factors of z?
7
Suppose -3 = -c + 16. Let m = -11 + c. List the prime factors of m.
2
Suppose 4 + 4 = 8*h. Let m(w) = 9*w**2 - 6*w - 3. Let x(q) = -27*q**2 + 17*q + 8. Let s(l) = -11*m(l) - 4*x(l). List the prime factors of s(h).
2
Let g be 1979 + ((-5)/(-7) - (-4)/14). Suppose 14*f - g = 8*f. What are the prime factors of f?
2, 3, 5, 11
Suppose -664*o = -688*o + 1656. What are the prime factors of o?
3, 23
Suppose 3*t + 0*t - 2047 = 4*c, 2*t = -c - 509. List the prime factors of (-10)/(-45) - c/9.
3, 19
What are the prime factors of 5*(-40)/350 - (-6378)/14?
5, 7, 13
List the prime factors of 1848 + 2 - 15/(-8 + 3).
17, 109
List the prime factors of 190/285 - (-8200)/3.
2, 1367
Let a be ((-12)/(-10))/(6/105). Let s = a - 5. Suppose 151 = 3*g + s. List the prime factors of g.
3, 5
Let p = -433 - -773. List the prime factors of p.
2, 5, 17
Let j(q) = 35*q**2 + 5*q + 23. List the prime factors of j(-5).
3, 97
Let q(z) = -37*z**3 + 4*z**2 - 3. Let f be q(-4). Suppose -339 = 11*v - f. What are the prime factors of v?
2, 5, 19
Let z(r) = -249*r - 854. What are the prime factors of z(-18)?
2, 907
Let q(l) be the first derivative of -l**5/60 + 5*l**4/12 + l**3 + 5*l**2/2 + 3. Let m(t) be the second derivative of q(t). List the prime factors of m(6).
2, 3, 5
Suppose -7*m = -2*m + 895. Let l be m/(-3)*3/1. Suppose 0 = 3*q - 4*g - 113, 7*q = 2*q + 2*g + l. What are the prime factors of q?
5, 7
Let g(h) = h**3 + 42*h**2 + 28*h - 261. What are the prime factors of g(-39)?
2, 3, 5, 107
Suppose -5*i + 88 = -77. Suppose o + 2*a + 12 = 0, 3*o = 7*o + 5*a + i. What are the prime factors of ((-3)/o)/((-6)/(-16))?
2
Let j be (15/(-12) - 0)/((-1)/16). What are the prime factors of j/(-8)*-8*(-146)/(-20)?
2, 73
Let d(o) = -o**3 + 7*o**2 + o - 10. Let l be d(8). Let x = l + 121. List the prime factors of x.
5, 11
What are the prime factors of (-7 + 35)*(2475/(-10))/(-9)?
2, 5, 7, 11
What are the prime factors of 24/64 + (-74985)/(-40)?
3, 5
Let x(z) = 26*z + 557. What are the prime factors of x(19)?
1051
Let r = 784 - 710. List the prime factors of r.
2, 37
Let h = -2012 + 2961. List the prime factors of h.
13, 73
Let c(d) = 3*d + 15. Let h be c(13). Suppose 4*s = 4*j - 6*j + 108, 3*j = 2*s - h. List the prime factors of s.
3
Suppose -605 = -4*c + 2*d + 1157, -4*c + 3*d = -1761. Suppose u - c = -4*u + 4*g, -4*u + 357 = g. List the prime factors of u.
89
Suppose 2*x - 4*x + 276 = -3*c, -376 = -3*x - 5*c. What are the prime factors of x?
2, 3, 11
Let q = -22 - -60. Suppose -l + 0*g = -g - q, -5*l - 3*g = -166. List the prime factors of l.
5, 7
Let u(b) = -b + 4. Let v be u(0). Let x be 188 - (v + 1 - 1). List the prime factors of x/12 - (-2)/(-6).
3, 5
Suppose -5*j = -1446 - 1184. List the prime factors of j.
2, 263
Suppose -4*i = -3633 + 673. Suppose -3*z = z - i. Suppose -5*x = -3*b + 143, -3*x + z = 2*b + 77. What are the prime factors of b?
3, 17
Let x be 2*(-6)/4 + 303. Suppose 3*w - x = -9*w. List the prime factors of w.
5
Let n be (-1)/2*(-25 + 9). Let t(c) = 8*c**2 + n*c - 8 - 6*c**2 + 0*c**2. List the prime factors of t(-8).
2, 7
Suppose 8*u - 3*u = -15. What are the prime factors of -2 - 12/(((-9)/u)/(-18)